{"id":1671,"date":"2024-07-01T12:39:56","date_gmt":"2024-07-01T10:39:56","guid":{"rendered":"https:\/\/www.chimicadelsalento.it\/?post_type=product&#038;p=1671"},"modified":"2025-03-31T09:07:31","modified_gmt":"2025-03-31T07:07:31","slug":"flok-liquido-1kg","status":"publish","type":"product","link":"https:\/\/www.chimicadelsalento.it\/index.php\/prodotto\/flok-liquido-1kg\/","title":{"rendered":"Flok liquido 1kg"},"content":{"rendered":"<h2 class=\"testo-descrizione-prodotto\">Flok liquido \u00e8 un agente filtrante e coagulante.<\/h2>\n<p class=\"modalita-uso\">Flok liquido elimina e previene la formazione delle microscopiche sospensioni che procurano intorbidamenti nell\u2019acqua. Il flocculante agglomera le particelle al fine di formarne un insieme pi\u00f9 grosso che verr\u00e0 successivamente trattenuto dai filtri in modo pi\u00f9 efficace. Flok liquido permette di diminuire i tempi di filtrazione da 6 a 10 ore alla settimana e aiuta a mantenere l\u2019acqua cristallina.<\/p>\n<h3 class=\"titolo-modalita-uso\">MODALITA\u2019 D\u2019USO:<\/h3>\n<p class=\"modalita-uso\">E\u2019 un liquido completamente solubile, idoneo per immissioni manuali negli skimmers o tramite apposite pompe dosatrici automatiche.<br \/>\nAVVERTENZA: Non \u00e8 idoneo per i filtri a diatomee.<\/p>\n<h3 class=\"titolo-modalita-uso\">DOSAGGIO:<\/h3>\n<p class=\"modalita-uso\">\u2022 Eliminazione della torbidit\u00e0: 400 \u2013 500 g di Flok liquido diluito al 10% per 100 m<sup>3<\/sup>\u00a0d\u2019acqua. Effettuare un controlavaggio ogni 4\/5 ore di filtrazione ed effettuare subito una nuova flocculazione finch\u00e9 non si \u00e8 ottenuta la cristallinit\u00e0 desiderata.<br \/>\n\u2022 Prevenzione della torbidit\u00e0 o potenziamento del letto filtrante: Versare nello skimmer 200 \u2013 250 g di prodotto diluito al 10% per ogni<br \/>\n100 m<sup>3<\/sup>\u00a0d\u2019acqua.<\/p>\n","protected":false},"excerpt":{"rendered":"<p>Flok liquido elimina e previene la formazione delle microscopiche sospensioni che procurano intorbidamenti nell\u2019acqua. Il flocculante agglomera le particelle al fine di formarne un insieme pi\u00f9 grosso che verr\u00e0 successivamente trattenuto dai filtri in modo pi\u00f9 efficace. Flok liquido permette di diminuire i tempi di filtrazione da 6 a 10 ore alla settimana e aiuta a mantenere l\u2019acqua cristallina.<\/p>\n","protected":false},"featured_media":1673,"comment_status":"closed","ping_status":"closed","template":"","meta":{"saved_in_kubio":false},"product_brand":[],"product_cat":[97,91],"product_tag":[],"class_list":{"0":"post-1671","1":"product","2":"type-product","3":"status-publish","4":"has-post-thumbnail","6":"product_cat-flocculanti","7":"product_cat-prodotti-per-piscina","9":"first","10":"instock","11":"taxable","12":"shipping-taxable","13":"purchasable","14":"product-type-simple"},"_links":{"self":[{"href":"https:\/\/www.chimicadelsalento.it\/index.php\/wp-json\/wp\/v2\/product\/1671","targetHints":{"allow":["GET"]}}],"collection":[{"href":"https:\/\/www.chimicadelsalento.it\/index.php\/wp-json\/wp\/v2\/product"}],"about":[{"href":"https:\/\/www.chimicadelsalento.it\/index.php\/wp-json\/wp\/v2\/types\/product"}],"replies":[{"embeddable":true,"href":"https:\/\/www.chimicadelsalento.it\/index.php\/wp-json\/wp\/v2\/comments?post=1671"}],"wp:featuredmedia":[{"embeddable":true,"href":"https:\/\/www.chimicadelsalento.it\/index.php\/wp-json\/wp\/v2\/media\/1673"}],"wp:attachment":[{"href":"https:\/\/www.chimicadelsalento.it\/index.php\/wp-json\/wp\/v2\/media?parent=1671"}],"wp:term":[{"taxonomy":"product_brand","embeddable":true,"href":"https:\/\/www.chimicadelsalento.it\/index.php\/wp-json\/wp\/v2\/product_brand?post=1671"},{"taxonomy":"product_cat","embeddable":true,"href":"https:\/\/www.chimicadelsalento.it\/index.php\/wp-json\/wp\/v2\/product_cat?post=1671"},{"taxonomy":"product_tag","embeddable":true,"href":"https:\/\/www.chimicadelsalento.it\/index.php\/wp-json\/wp\/v2\/product_tag?post=1671"}],"curies":[{"name":"wp","href":"https:\/\/api.w.org\/{rel}","templated":true}]}}