{"id":892,"date":"2023-04-04T18:32:42","date_gmt":"2023-04-04T16:32:42","guid":{"rendered":"https:\/\/www.chimicadelsalento.it\/?post_type=product&#038;p=892"},"modified":"2023-04-04T18:32:43","modified_gmt":"2023-04-04T16:32:43","slug":"hzym-flott-one","status":"publish","type":"product","link":"https:\/\/www.chimicadelsalento.it\/index.php\/prodotto\/hzym-flott-one\/","title":{"rendered":"Hzym\u00ae Flott ONE"},"content":{"rendered":"<p>Il prodotto Flott ONE \u00e8 un composto liquido a base di enzima pectolitico ottenuto da un ceppo selezionato di Aspergillus niger, OGM free. Tale preparato enzimatico ha un\u2019elevatissima capacit\u00e0 pectolitica ed \u00e8 attivo al normale pH del mosto. Flott ONE \u00e8 stato selezionato per la sua efficacia di azione in tempi brevi. E\u2019 un prodotto solubile in acqua e mosto ed \u00e8 ideale per la tecnica di illimpidimento della flottazione. Flott ONE risponde ai requisiti previsti per gli enzimi destinati ad uso alimentare dallo standard internazionale Jefca (FAO).<\/p>\n<p><a class=\"maxbutton-2 maxbutton maxbutton-scheda-tecnica\" href=\"https:\/\/www.hts-enologia.com\/wp-content\/hts\/Hzym\/Flott_ONE\/ST\/IT\/ST_IT_Hzym_Flott_ONE.pdf\" target=\"_blank\" rel=\"noopener\"><span class=\"mb-text\">Scheda Tecnica<\/span><\/a>\u00a0 \u00a0 \u00a0 \u00a0\u00a0<span class=\"maxbutton-3-container mb-container\"><a class=\"maxbutton-3 maxbutton maxbutton-scheda-sicurezza\" href=\"https:\/\/www.hts-enologia.com\/wp-content\/hts\/Hzym\/Flott_ONE\/SS\/IT\/SS_IT_Hzym_Flott_ONE.pdf\" target=\"_blank\" rel=\"noopener\"><span class=\"mb-text\">Scheda Sicurezza<\/span><\/a><\/span><\/p>\n<p><strong>Uva:\u00a0\u00a0<img loading=\"lazy\" decoding=\"async\" class=\"alignnone size-full wp-image-9392\" src=\"https:\/\/www.hts-enologia.com\/wp-content\/uploads\/2018\/11\/scatolaBianco.png\" alt=\"\" width=\"17\" height=\"28\" \/><\/strong><\/p>\n","protected":false},"excerpt":{"rendered":"<p>Il prodotto Flott ONE \u00e8 un composto liquido a base di enzima pectolitico ottenuto da un ceppo selezionato di Aspergillus niger, OGM free. Tale preparato enzimatico ha un\u2019elevatissima capacit\u00e0 pectolitica ed \u00e8 attivo al normale pH del mosto. Flott ONE \u00e8 stato selezionato per la sua efficacia di azione in tempi brevi. E\u2019 un prodotto [&hellip;]<\/p>\n","protected":false},"featured_media":805,"comment_status":"closed","ping_status":"closed","template":"","meta":{"saved_in_kubio":false},"product_brand":[],"product_cat":[64,69],"product_tag":[],"class_list":{"0":"post-892","1":"product","2":"type-product","3":"status-publish","4":"has-post-thumbnail","6":"product_cat-prodotti-per-lenologia","7":"product_cat-raccolta-e-protezione","9":"first","10":"instock","11":"taxable","12":"shipping-taxable","13":"product-type-simple"},"_links":{"self":[{"href":"https:\/\/www.chimicadelsalento.it\/index.php\/wp-json\/wp\/v2\/product\/892","targetHints":{"allow":["GET"]}}],"collection":[{"href":"https:\/\/www.chimicadelsalento.it\/index.php\/wp-json\/wp\/v2\/product"}],"about":[{"href":"https:\/\/www.chimicadelsalento.it\/index.php\/wp-json\/wp\/v2\/types\/product"}],"replies":[{"embeddable":true,"href":"https:\/\/www.chimicadelsalento.it\/index.php\/wp-json\/wp\/v2\/comments?post=892"}],"wp:featuredmedia":[{"embeddable":true,"href":"https:\/\/www.chimicadelsalento.it\/index.php\/wp-json\/wp\/v2\/media\/805"}],"wp:attachment":[{"href":"https:\/\/www.chimicadelsalento.it\/index.php\/wp-json\/wp\/v2\/media?parent=892"}],"wp:term":[{"taxonomy":"product_brand","embeddable":true,"href":"https:\/\/www.chimicadelsalento.it\/index.php\/wp-json\/wp\/v2\/product_brand?post=892"},{"taxonomy":"product_cat","embeddable":true,"href":"https:\/\/www.chimicadelsalento.it\/index.php\/wp-json\/wp\/v2\/product_cat?post=892"},{"taxonomy":"product_tag","embeddable":true,"href":"https:\/\/www.chimicadelsalento.it\/index.php\/wp-json\/wp\/v2\/product_tag?post=892"}],"curies":[{"name":"wp","href":"https:\/\/api.w.org\/{rel}","templated":true}]}}